en 6286 is divided by 17?
13
Calculate the remainder when 2066 is divided by 11.
9
Calculate the remainder when 79 is divided by 17.
11
What is the remainder when 97494 is divided by 157?
154
What is the remainder when 1560 is divided by 56?
48
What is the remainder when 11674 is divided by 42?
40
Calculate the remainder when 267 is divided by 22.
3
Calculate the remainder when 3886 is divided by 16.
14
What is the remainder when 492 is divided by 125?
117
What is the remainder when 547 is divided by 22?
19
Calculate the remainder when 23 is divided by 7.
2
Calculate the remainder when 360 is divided by 22.
8
What is the remainder when 83 is divided by 28?
27
What is the remainder when 68 is divided by 50?
18
Calculate the remainder when 51 is divided by 22.
7
What is the remainder when 1462 is divided by 19?
18
Calculate the remainder when 46 is divided by 39.
7
What is the remainder when 225 is divided by 51?
21
Calculate the remainder when 967 is divided by 104.
31
What is the remainder when 422 is divided by 85?
82
Calculate the remainder when 783 is divided by 31.
8
Calculate the remainder when 86 is divided by 22.
20
What is the remainder when 101 is divided by 52?
49
Calculate the remainder when 189 is divided by 42.
21
What is the remainder when 175 is divided by 19?
4
Calculate the remainder when 225 is divided by 19.
16
Calculate the remainder when 152 is divided by 60.
32
What is the remainder when 248 is divided by 14?
10
What is the remainder when 965 is divided by 44?
41
What is the remainder when 2898 is divided by 20?
18
What is the remainder when 268 is divided by 23?
15
Calculate the remainder when 554 is divided by 70.
64
Calculate the remainder when 487 is divided by 118.
15
What is the remainder when 219 is divided by 111?
108
Calculate the remainder when 265 is divided by 100.
65
What is the remainder when 44 is divided by 3?
2
What is the remainder when 670 is divided by 16?
14
Calculate the remainder when 272 is divided by 25.
22
What is the remainder when 134 is divided by 68?
66
Calculate the remainder when 97 is divided by 21.
13
What is the remainder when 67 is divided by 6?
1
What is the remainder when 277 is divided by 143?
134
Calculate the remainder when 26323 is divided by 15.
13
What is the remainder when 2957 is divided by 87?
86
Calculate the remainder when 157 is divided by 23.
19
What is the remainder when 7660 is divided by 47?
46
What is the remainder when 789 is divided by 9?
6
Calculate the remainder when 822 is divided by 9.
3
What is the remainder when 2622 is divided by 35?
32
Calculate the remainder when 650 is divided by 21.
20
Calculate the remainder when 10667 is divided by 127.
126
Calculate the remainder when 223 is divided by 59.
46
Calculate the remainder when 47 is divided by 18.
11
Calculate the remainder when 212 is divided by 75.
62
What is the remainder when 10367 is divided by 96?
95
Calculate the remainder when 434 is divided by 55.
49
What is the remainder when 934 is divided by 52?
50
Calculate the remainder when 590 is divided by 16.
14
What is the remainder when 1699 is divided by 20?
19
Calculate the remainder when 39 is divided by 20.
19
Calculate the remainder when 25 is divided by 5.
0
Calculate the remainder when 8409 is divided by 13.
11
Calculate the remainder when 46 is divided by 26.
20
Calculate the remainder when 1598 is divided by 294.
128
What is the remainder when 53 is divided by 21?
11
What is the remainder when 1472 is divided by 35?
2
What is the remainder when 154 is divided by 79?
75
Calculate the remainder when 77 is divided by 23.
8
What is the remainder when 58 is divided by 18?
4
What is the remainder when 5970 is divided by 58?
54
Calculate the remainder when 297 is divided by 50.
47
What is the remainder when 539 is divided by 40?
19
Calculate the remainder when 175 is divided by 55.
10
Calculate the remainder when 15297 is divided by 75.
72
What is the remainder when 762 is divided by 109?
108
What is the remainder when 8788 is divided by 4385?
18
Calculate the remainder when 925 is divided by 58.
55
What is the remainder when 106 is divided by 19?
11
What is the remainder when 416 is divided by 22?
20
Calculate the remainder when 443 is divided by 50.
43
What is the remainder when 101 is divided by 9?
2
What is the remainder when 2875 is divided by 12?
7
What is the remainder when 146 is divided by 120?
26
Calculate the remainder when 2474 is divided by 25.
24
Calculate the remainder when 6210 is divided by 55.
50
Calculate the remainder when 778 is divided by 52.
50
Calculate the remainder when 1414 is divided by 12.
10
What is the remainder when 249 is divided by 51?
45
What is the remainder when 1509 is divided by 501?
6
Calculate the remainder when 269 is divided by 71.
56
What is the remainder when 135 is divided by 44?
3
What is the remainder when 362 is divided by 117?
11
Calculate the remainder when 63 is divided by 42.
21
Calculate the remainder when 1633 is divided by 43.
42
Calculate the remainder when 11322 is divided by 149.
147
Calculate the remainder when 744 is divided by 13.
3
Calculate the remainder when 498 is divided by 43.
25
Calculate the remainder when 682 is divided by 114.
112
What is the remainder when 154 is divided by 12?
10
What is the remainder when 10291 is divided by 132?
127
What is the remainder when 265 is divided by 68?
61
What is the remainder when 601 is divided by 107?
66
Calculate the remainder when 1658 is divided by 530.
68
Calculate the remainder when 654 is divided by 8.
6
What is the remainder when 197 is divided by 11?
10
What is the remainder when 371 is divided by 10?
1
Calculate the remainder when 229 is divided by 59.
52
What is the remainder when 376 is divided by 157?
62
What is the remainder when 49 is divided by 27?
22
Calculate the remainder when 193 is divided by 11.
6
What is the remainder when 1379 is divided by 122?
37
Calculate the remainder when 19 is divided by 8.
3
Calculate the remainder when 61 is divided by 2.
1
Calculate the remainder when 86 is divided by 16.
6
Calculate the remainder when 3042 is divided by 110.
72
Calculate the remainder when 239 is divided by 46.
9
What is the remainder when 2704 is divided by 93?
7
Calculate the remainder when 865 is divided by 23.
14
Calculate the remainder when 788 is divided by 7.
4
What is the remainder when 735 is divided by 219?
78
What is the remainder when 1040 is divided by 208?
0
What is the remainder when 844 is divided by 28?
4
Calculate the remainder when 61 is divided by 31.
30
What is the remainder when 62 is divided by 13?
10
What is the remainder when 5155 is divided by 4?
3
What is the remainder when 5595 is divided by 280?
275
What is the remainder when 641 is divided by 154?
25
Calculate the remainder when 1137 is divided by 290.
267
What is the remainder when 6474 is divided by 51?
48
Calculate the remainder when 21 is divided by 12.
9
What is the remainder when 1254 is divided by 114?
0
What is the remainder when 249 is divided by 14?
11
What is the remainder when 9 is divided by 6?
3
What is the remainder when 52 is divided by 45?
7
Calculate the remainder when 541 is divided by 10.
1
Calculate the remainder when 198 is divided by 101.
97
Calculate the remainder when 303 is divided by 48.
15
What is the remainder when 24 is divided by 6?
0
Calculate the remainder when 297 is divided by 82.
51
What is the remainder when 2667 is divided by 89?
86
Calculate the remainder when 98 is divided by 53.
45
What is the remainder when 415 is divided by 127?
34
What is the remainder when 470 is divided by 59?
57
What is the remainder when 2608 is divided by 174?
172
What is the remainder when 4725 is divided by 278?
277
Calculate the remainder when 10 is divided by 5.
0
Calculate the remainder when 126 is divided by 33.
27
What is the remainder when 44 is divided by 6?
2
What is the remainder when 42 is divided by 15?
12
Calculate the remainder when 141 is divided by 8.
5
Calculate the remainder when 74 is divided by 10.
4
Calculate the remainder when 44 is divided by 38.
6
What is the remainder when 184 is divided by 149?
35
Calculate the remainder when 98 is divided by 46.
6
Calculate the remainder when 135 is divided by 28.
23
What